7 a multiple of 32?
False
Does 50 divide 7700?
True
Is 4 a factor of 17984?
True
Is 6 a factor of 2937?
False
Does 84 divide 119448?
True
Is 7546 a multiple of 22?
True
Is 6 a factor of 448?
False
Does 7 divide 152?
False
Does 15 divide 1290?
True
Does 5 divide 201?
False
Is 240 a factor of 6720?
True
Is 115 a factor of 31127?
False
Does 3 divide 107?
False
Does 27 divide 6237?
True
Does 35 divide 1225?
True
Does 183 divide 54900?
True
Does 58 divide 459?
False
Is 14 a factor of 3724?
True
Does 188 divide 2579?
False
Is 2144 a multiple of 32?
True
Does 21 divide 167400?
False
Is 3604 a multiple of 66?
False
Is 12 a factor of 660?
True
Does 27 divide 10746?
True
Is 945 a multiple of 15?
True
Does 2 divide 6388?
True
Does 27 divide 297?
True
Is 103 a factor of 3090?
True
Is 60 a factor of 1080?
True
Does 39 divide 1588?
False
Is 2 a factor of 238?
True
Does 60 divide 420?
True
Is 195 a multiple of 15?
True
Does 106 divide 3428?
False
Is 215 a multiple of 38?
False
Is 6630 a multiple of 170?
True
Is 605 a multiple of 7?
False
Is 40 a factor of 675?
False
Is 4328 a multiple of 43?
False
Is 46545 a multiple of 321?
True
Is 5 a factor of 1624?
False
Does 9 divide 298?
False
Is 399 a multiple of 7?
True
Does 2 divide 3163?
False
Is 10626 a multiple of 138?
True
Does 3 divide 81?
True
Does 20 divide 91?
False
Is 624 a multiple of 78?
True
Is 2 a factor of 1471?
False
Does 34 divide 17714?
True
Is 3904 a multiple of 122?
True
Is 425 a multiple of 25?
True
Is 14 a factor of 56?
True
Is 18 a factor of 6444?
True
Is 15 a factor of 243?
False
Is 114 a factor of 96436?
False
Is 184 a factor of 15783?
False
Is 141 a multiple of 17?
False
Does 89 divide 11481?
True
Is 81 a multiple of 27?
True
Is 2806 a multiple of 61?
True
Is 832 a multiple of 52?
True
Is 168 a factor of 12264?
True
Is 38 a factor of 11234?
False
Is 1400 a multiple of 56?
True
Is 148 a factor of 5427?
False
Is 186 a multiple of 36?
False
Is 144 a multiple of 36?
True
Is 4840 a multiple of 54?
False
Does 7 divide 15001?
True
Is 3 a factor of 167?
False
Is 5 a factor of 483?
False
Is 858 a multiple of 66?
True
Is 22196 a multiple of 199?
False
Does 16 divide 324?
False
Does 71 divide 710?
True
Does 18 divide 1535?
False
Does 6 divide 342?
True
Does 172 divide 32852?
True
Is 1252 a multiple of 56?
False
Is 13986 a multiple of 18?
True
Is 13869 a multiple of 72?
False
Does 202 divide 38380?
True
Is 55 a factor of 76590?
False
Is 20 a factor of 140?
True
Is 73 a factor of 11461?
True
Is 88 a factor of 7040?
True
Is 3211 a multiple of 13?
True
Does 2 divide 6?
True
Is 4 a factor of 138?
False
Is 780 a multiple of 12?
True
Is 164 even?
True
Does 34 divide 76918?
False
Does 58 divide 5591?
False
Is 2907 a multiple of 2?
False
Is 17 a factor of 153?
True
Does 80 divide 720?
True
Is 66000 a multiple of 100?
True
Is 12 a factor of 49956?
True
Is 1696 a multiple of 53?
True
Does 28 divide 12053?
False
Does 31 divide 110?
False
Is 6336 a multiple of 144?
True
Is 21 a factor of 813?
False
Does 3 divide 456?
True
Does 23 divide 161?
True
Does 17 divide 1735?
False
Is 15 a factor of 49311?
False
Is 25 a factor of 1391?
False
Is 3340 a multiple of 5?
True
Is 9 a factor of 28350?
True
Is 7 a factor of 3815?
True
Is 21 a factor of 63?
True
Does 176 divide 22028?
False
Does 202 divide 91448?
False
Is 5 a factor of 3230?
True
Does 65 divide 2379?
False
Is 22 a factor of 6633?
False
Is 960 a multiple of 15?
True
Is 1331 a multiple of 4?
False
Does 41 divide 110392?
False
Does 131 divide 23139?
False
Is 35 a factor of 54530?
True
Does 9 divide 3537?
True
Is 4 a factor of 8804?
True
Is 42312 a multiple of 12?
True
Is 7870 a multiple of 51?
False
Is 104 a factor of 1040?
True
Does 59 divide 2278?
False
Is 92 a factor of 30106?
False
Is 76 a factor of 1369?
False
Does 13 divide 81853?
False
Is 230 a multiple of 46?
True
Is 14 a factor of 1260?
True
Is 2 a factor of 66?
True
Is 21408 a multiple of 8?
True
Does 25 divide 450?
True
Does 177 divide 4602?
True
Does 60 divide 8276?
False
Is 89 a factor of 65860?
True
Is 53364 a multiple of 201?
False
Does 24 divide 1667?
False
Does 8 divide 248?
True
Does 56 divide 12932?
False
Does 72 divide 2736?
True
Is 14 a factor of 1274?
True
Is 10 a factor of 23?
False
Is 1656 a multiple of 36?
True
Is 19 a factor of 3666?
False
Is 2 a factor of 21?
False
Does 140 divide 34743?
False
Is 36 a factor of 7858?
False
Is 1031 a multiple of 9?
False
Is 17 a factor of 2074?
True
Does 78 divide 13416?
True
Is 66 a factor of 706?
False
Does 13 divide 41652?
True
Is 630 a multiple of 3?
True
Is 15462 a multiple of 18?
True
Is 31 a factor of 789?
False
Is 796 a multiple of 10?
False
Is 24365 a multiple of 49?
False
Does 6 divide 1948?
False
Does 5 divide 1280?
True
Is 40955 a multiple of 9?
False
Does 28 divide 7634?
False
Does 30 divide 17670?
True
Is 1431 a multiple of 27?
True
Does 18 divide 22536?
True
Is 24780 a multiple of 84?
True
Is 9 a factor of 3981?
False
Is 90 a factor of 607?
False
Does 22 divide 2081?
False
Is 18 a factor of 29320?
False
Does 47 divide 8507?
True
Does 8 divide 13816?
True
Is 13 a factor of 25233?
True
Does 229 divide 1222?
False
Does 16 divide 5008?
True
Does 16 divide 48?
True
Is 42123 a multiple of 19?
True
Does 15 divide 6750?
True
Is 57 a factor of 7786?
False
Is 15050 a multiple of 175?
True
Is 1362 a multiple of 22?
False
Does 10 divide 92?
False
Is 403 a factor of 6574?
False
Does 21 divide 12475?
False
Is 5 a factor of 108?
False
Is 4 a factor of 456?
True
Does 39 divide 58500?
True
Is 4 a factor of 636?
True
Does 197 divide 4699?
False
Is 228 a multiple of 12?
True
Does 47 divide 3195?
False
Is 61215 a multiple of 409?
False
Does 38 divide 587?
False
Does 50 divide 550?
True
Is 211 a factor of 107399?
True
Does 83 divide 8632?
True
Does 202 divide 26898?
False
Is 16 a multiple of 2?
True
Is 217 a multiple of 31?
True
Is 2827 a multiple of 11?
True
Is 2772 a multiple of 22?
True
Is 17180 a multiple of 22?
False
Is 5130 a multiple of 171?
True
Does 13 divide 7059?
True
Is 54094 a multiple of 43?
True
Does 36 divide 7466?
False
Is 60283 a multiple of 42?
False
Is 768 a multiple of 8?
True
Is 227 a multiple of 21?
False
Does 18 divide 1087?
False
Is 3 a factor of 1161?
True
Does 10 divide 16740?
True
Is 16683 a multiple of 76?
False
Is 2808 a multiple of 12?
True
Is 25 a factor of 3364?
False
Is 26456 a multiple of 14?
False
Is 8 a factor of 448?
True
Is 13 a factor of 610?
False
Is 344 a multiple of 6?
False
Is 5725 a multiple of 4?
False
Is 59 a factor of 2655?
True
Is 1222 a multiple of 2?
True
Is 9 a factor of 46134?
True
Is 2385 a multiple of 5?
True
Is 3360 a multiple of 32?
True
Is 10 a factor of 58150?
True
Does 56 divide 3136?
True
Does 9 divide 1152?
True
Is 1809 a multiple of 9?
True
Is 3203 a multiple of 72?
False
Is 11071 a multiple of 7?
False
Is 2964 a multiple of 39?
True
Does 28 divide 2443?
False
Is 12 a factor of 2329?
False
Is 63 a factor of 62580?
False
Is 984 a multiple of 41?
True
Is 69 a factor of 1146?
False
Is 37 a factor of 740?
True
Is 175 a factor of 41125?
True
Does 146 divide 2457?
False
Is 469 a multiple of 13?
False
Is 616 a multiple of 22?
True
Does 112 divide 11056?
False
Is 17595 a multiple of 69?
True
Is 458 a multiple of 8?
False
Does 52 divide 2182?
False
Does 18 divide 1566?
True
Is 7526 a multiple of 7?
False
Is 866 a multiple of 13?
False
Is 276 a multiple of 23?
True
Is 543 a multiple of 10?
False
Is 24360 a multiple of 232?
True
Is 10 a factor of 480?
True
Is 2800 a multiple of 56?
True
Is 177 a factor of 10568?
False
Is 54 a factor of 6534?
True
Is 7904 a multiple of 8?
True
Is 38 a factor of 3382?
True
Is 12 a factor of 8789?
False
Does 19 divide 2945?
True
Is 186 a multiple of 13?
False
Does 26 divide 39364?
True
Is 9536 a multiple of 75?
False
Is 79 a factor of 1027?
True
Does 14 divide 28462?
True
Does 104 divide 140428?
False
Does 3 divide 1362?
True
Is 131 a factor of 28990?
False
Is 6587 a multiple of 42?
False
Is 85 a factor of 23528?
False
Is 354 a multiple of 2?
True
Is 516 a multiple of 6?
True
Is 15 a factor of 6559?
False
Is 11 a factor of 390?
False
Does 5 divide 465?
True
Is 1387 a multiple of 61?
False
Is 59 a factor of 17065?
False
Does 8 divide 1584?
True
Is 480 a multiple of 15?
True
Is 143